hest common factor of z and 50?
50
Suppose 3*l = 8*l - 20, 3*m - 3*l - 18 = 0. What is the greatest common factor of 30 and m?
10
Let b = 10391 - 5603. Suppose -3*u - b = -15*u. What is the highest common factor of u and 21?
21
Suppose 65 - 5 = -2*a. Let h be (-366)/(-4) - a/20. What is the highest common factor of 62 and h?
31
Suppose 0 = -5*q + 25148 - 22938. Calculate the highest common factor of q and 238.
34
Let g be (-3)/(39/(-1027))*33. What is the greatest common factor of g and 33?
33
Suppose -n = 3*h - 31 - 8, -h = 3. Let i(k) = -6*k + 315. Let g be i(n). What is the highest common factor of 1 and g?
1
Suppose 1504 = 1954*i - 1953*i. What is the greatest common divisor of i and 940?
188
Suppose -n - 644 = -4*f, -f + 6*f + 2*n - 805 = 0. Let a(j) = -j**3 - 6*j**2 - 14*j - 38. Let v be a(-6). What is the highest common divisor of f and v?
23
Suppose 2*o + 0*w = 3*w + 13, -w = 3. Suppose 24 = 2*x - 4*k, -4*x - o = 2*k - 20. Calculate the highest common factor of x and 54.
6
Suppose -10*u + 8*u = -28. Let q(o) = -o**2 + 179*o + 0*o**2 - 20 - 163*o. Let i be q(u). What is the greatest common divisor of i and 24?
8
Suppose -55*m + 69632 + 34695 = 14237. Calculate the highest common factor of 189 and m.
63
Let c = 560 - 550. Let x be (7 + 48)*36/c. Calculate the highest common divisor of 22 and x.
22
Let v be 4/6 + (-92)/(-6). Suppose -3*z + 2*z - 4 = -2*o, -1 = -2*z + o. Let k be 11 - 12 - (z + -3 + -64). Calculate the highest common divisor of v and k.
16
Let n(f) = f**3 + 10*f**2 - 28*f + 9. Let o be n(-12). Let m = o - 40. Let d be -1*m*4/(-4). What is the greatest common divisor of d and 136?
17
Suppose 2*u = 6 + 4. Let q(n) = -n**2 + 25. Let g be q(5). Suppose g = -3*k + d + 54 + 67, d = -k + 39. What is the greatest common factor of k and u?
5
Let f = -71 - -147. What is the greatest common divisor of 418 and f?
38
Suppose -19*j = 8*j - 4725. Let z be (2*-4 - -1)/(-1). Calculate the highest common divisor of j and z.
7
Let o be (-10 + 3 - -1)/((-3)/(-2)). Let q be (o - -1)*(-6 - (-1 + 10)). Calculate the highest common factor of 855 and q.
45
Let q = 424 - 281. Let j = -136 + q. Calculate the highest common divisor of j and 49.
7
Let u be 40704/(-416) - 4/26. Let o = u - -314. Calculate the greatest common factor of o and 24.
24
Let t(j) = -2*j**3 + 33*j**2 - 11*j - 50. Let f be t(16). Suppose 4*p - 438 + 158 = 0. Calculate the greatest common divisor of f and p.
10
Let o = -92 + 95. Suppose -o*x - x = -5*w - 65, -4*x = -4*w - 68. What is the greatest common divisor of x and 12?
4
Let n(y) = -y - 2. Let d be n(-5). Let u(k) = k**2 + 2*k - 9. Let x be u(6). Let s be ((-2)/3 - -1)*(-21 + x). What is the highest common factor of d and s?
3
Suppose z - 5*z = -72. Let g(j) = 8*j - 47. Let c be g(32). Let u = c + -173. What is the highest common factor of u and z?
18
Let r be ((-48)/(-9) - 5) + 1002/18. Calculate the greatest common factor of r and 917.
7
Suppose 5*g - 4*v - 41 = -0*v, 3*g + v = 11. Let p be 54*(-14)/(-20)*(g + 0). What is the highest common factor of 7 and p?
7
Suppose 20*r = -38 + 98. Suppose -225 = -j + r*k, 3*j - 347 = 2*k + 307. Calculate the greatest common divisor of 27 and j.
27
Suppose 5*j - 2*q - 283 = 2*j, -4*q = -2*j + 194. Suppose -2*y - 219 = y. Let w = j + y. What is the highest common divisor of w and 180?
20
Suppose s + 4*b = 76 + 152, -s + 276 = -2*b. Calculate the highest common factor of 510 and s.
10
Suppose u - 325 = -2*k, 0 = -6*u + 2*u - 2*k + 1312. What is the highest common divisor of u and 47?
47
Let h = -3938 + 4292. What is the highest common factor of 1888 and h?
118
Let s be (-1 + 61/(-5))*-5. Let l(u) = 8*u - 43. Let z be l(5). Let m be 8 + z/(-9) + 7/(-3). Calculate the greatest common divisor of s and m.
6
Let b(s) = -57*s + 12 + 4*s**2 + 32*s + 25*s - s**3 + 51*s. Let v be b(9). Calculate the greatest common divisor of v and 66.
66
Let i = -38 + 29. Let b be (0 + -3)*12/i + 99. Let k = 145 - b. What is the greatest common factor of k and 21?
21
Let b(i) = i**3 + 9*i**2 - i - 11. Let s be b(-6). Suppose -h = -f - 14, 3*f + 2*f + 64 = 2*h. Let n = f + s. Calculate the greatest common divisor of 13 and n.
13
Let z = -3319 - -5159. Calculate the greatest common factor of 80 and z.
80
Let j be (294/60 - 5) + (-21093)/(-30). What is the highest common factor of j and 370?
37
Let r(c) = -c**3 - 8*c**2 + 48*c - 2. Let j be r(-12). Let a be j/3*(-4347)/18. Calculate the highest common factor of 7 and a.
7
Suppose -3*j + 4*s + 101 - 25 = 0, 0 = 2*s - 4. Let c be ((-2)/j*12)/(2/(-140)). Calculate the highest common divisor of c and 5.
5
Let o be (72/(-6) + 14)*440. What is the highest common factor of 110 and o?
110
Suppose 2*c - 5*b - 162 - 53 = 0, 2*b - 313 = -3*c. Let w = 47 - 47. Suppose -3*l + 25 + 38 = w. What is the greatest common divisor of c and l?
21
Suppose 4700 = l - i, 12*l - 8*l - i - 18785 = 0. Calculate the greatest common factor of 15 and l.
15
Suppose -5*r + 0*d = -2*d - 456, 4*d = 8. Suppose -323 - r = 5*b. Let o = b - -98. What is the greatest common divisor of 135 and o?
15
Let u = 134 + -49. Suppose -u = -5*h - 0*h. What is the highest common divisor of h and 153?
17
Suppose 12*m - 7105 = 8855. Calculate the highest common factor of 15 and m.
5
Suppose -4*i - 5*a + 178 = 0, 12*i = 16*i - 3*a - 194. Let z be (799/(-34))/(1/(-2)). Calculate the greatest common factor of z and i.
47
Let l = -36671 + 36786. What is the highest common divisor of l and 5175?
115
Let y = -2210 + 6647. Suppose 0 = 12*u + 1269 - y. What is the greatest common factor of 24 and u?
24
Let a = 1281 - 845. Let s = -265 + a. Calculate the greatest common factor of s and 19.
19
Suppose -197 = -11*r + 111. Let t(p) = 2*p - 36. Let k be t(r). What is the highest common factor of 80 and k?
20
Let k be -12*((-3)/6)/1. Let m(s) = -s**2 + 4*s + 14. Let v be m(k). Suppose 3*h - 9 = 0, v*o - o - 24 = 4*h. Calculate the greatest common factor of 12 and o.
12
Let h = 3947 + -3686. Calculate the greatest common divisor of h and 171.
9
Let z(i) = -15*i - 3. Let d be z(-5). Let s be ((-11)/((-55)/2))/((-1)/30). Let q be (4/12*4)/((-2)/s). Calculate the highest common factor of q and d.
8
Suppose -40*h + 2401 = -h - 26615. Calculate the highest common factor of h and 155.
31
Suppose d + 4*z - 36 + 6 = 0, 2*d - 16 = 3*z. Let a be (-3)/(-6)*((0 - 0) + d). Calculate the highest common divisor of 175 and a.
7
Let o(s) = -2*s + 34. Suppose -3*j + 7*j = 2*z + 46, 0 = -3*z + 5*j - 64. Let v be o(z). Calculate the greatest common divisor of 36 and v.
12
Suppose 16608 = 5*p - d, -d + 832 = p - 2486. Calculate the highest common divisor of 246 and p.
123
Let c(m) = -59*m + 3. Let j be c(-8). Suppose -954*i + 950*i + 88 = 3*r, 9 = i + 4*r. What is the highest common factor of j and i?
25
Suppose -a - 3*a - 8 = 4*w, 4*a - 4 = -w. Suppose 1 = 3*r - 5*u, 2*r + a = 3*u - u. Let f be -34*(6 + -3)/r. Calculate the greatest common divisor of 204 and f.
34
Suppose -49*g + 75759 = -44*g - v, 30318 = 2*g - 4*v. Calculate the greatest common factor of 139 and g.
139
Suppose -146*t = -151*t + 70. What is the greatest common divisor of 22988 and t?
14
Let q(p) = -18*p**3 - 11*p**2 - 16*p - 4. Let k be q(-1). What is the highest common factor of k and 57?
19
Suppose -28*x - 364 = -868. Calculate the highest common divisor of 22 and x.
2
Let a = -8 - -21. Suppose -39*v = -30*v + 486. Let k be (-3 - 75)/((-3)/(v/(-12))). Calculate the greatest common factor of k and a.
13
Let s be ((-50)/(-6))/1 + (-12 - (-525)/45). Calculate the highest common factor of 3032 and s.
8
Suppose 18*i = 52*i - 340. Let d = 569 + -399. Calculate the greatest common divisor of d and i.
10
Let u = 7939 - 5091. Calculate the highest common divisor of u and 89.
89
Let f = 54091 - 27679. Calculate the highest common factor of f and 62.
62
Suppose 0 = -124*g - 1906 + 12818. Calculate the highest common factor of g and 638.
22
Let q be (4272/3 - (-2 - 1)) + -3. Let v be (147/1176)/((-4)/(-2848)). What is the greatest common factor of q and v?
89
Let z = -14116 + 14179. What is the highest common factor of z and 1533?
21
Suppose -7*h - 2*h = -234. Suppose -b + h*z = 30*z - 13, -4*z + 4 = 0. Calculate the greatest common divisor of 747 and b.
9
Let k be 10*5/((-25)/(-3)). Le